alse
Does 1145 divide 49246450?
True
Is 10 a factor of 216182730?
True
Does 8 divide 1325671416?
True
Does 10 divide 6355870?
True
Does 190 divide 51148569?
False
Is 19 a factor of 484223261?
False
Does 1583 divide 409333509?
False
Is 860 a factor of 35779882?
False
Is 14 a factor of 53187764?
True
Is 16310434 a multiple of 14?
True
Is 12 a factor of 240764440?
False
Does 79 divide 405881765?
False
Is 47722518 a multiple of 6?
True
Is 118 a factor of 63478649?
False
Does 80 divide 101781120?
True
Is 1259563820 a multiple of 268?
True
Does 1292 divide 39850448?
True
Is 53 a factor of 20573699?
True
Is 8 a factor of 7771320?
True
Does 334 divide 64258594?
True
Is 203905662 a multiple of 12?
False
Does 5137 divide 650909270?
True
Is 41 a factor of 124545207?
False
Is 51 a factor of 6755050?
False
Does 98 divide 780252376?
False
Is 77325948 a multiple of 14?
True
Is 1188183020 a multiple of 977?
False
Does 732 divide 3607296?
True
Is 343 a factor of 33736836?
False
Is 6 a factor of 18644172?
True
Does 1034 divide 554020302?
True
Is 396596403 a multiple of 2173?
True
Is 268 a factor of 4246627373?
False
Does 27 divide 34126856?
False
Does 7 divide 142924044?
False
Is 22410132 a multiple of 39?
False
Does 660 divide 10273560?
True
Does 73 divide 560224194?
False
Is 90850688 a multiple of 387?
False
Does 519 divide 24587493?
False
Does 189 divide 101644200?
True
Does 1070 divide 46541987?
False
Is 13 a factor of 285875936?
False
Does 1422 divide 900696181?
False
Is 2716 a factor of 31676708?
True
Is 8734509 a multiple of 9?
True
Is 10 a factor of 29099370?
True
Is 480490752 a multiple of 5144?
True
Is 415831900 a multiple of 74?
True
Is 750 a factor of 683428500?
True
Does 51 divide 239658891?
False
Is 507327874 a multiple of 2?
True
Is 187 a factor of 1373367270?
True
Is 58878029 a multiple of 965?
False
Is 5772333 a multiple of 629?
True
Is 747547719 a multiple of 330?
False
Does 2139 divide 44495121?
False
Does 25 divide 390775686?
False
Is 43200949 a multiple of 1661?
True
Does 333 divide 17023949?
False
Is 329 a factor of 11886441?
True
Does 5 divide 3852651?
False
Is 41 a factor of 191300916?
True
Is 58 a factor of 24885538?
True
Is 657477047 a multiple of 9?
False
Is 180 a factor of 21188680?
False
Does 10 divide 603063714?
False
Is 26 a factor of 2751077160?
True
Does 17 divide 1181466?
True
Is 1436806822 a multiple of 11?
True
Is 16 a factor of 179233904?
True
Does 15 divide 473267295?
True
Is 11 a factor of 123527558?
True
Is 50 a factor of 4670688250?
True
Does 102 divide 3913846?
False
Is 2703775065 a multiple of 30?
False
Is 150387409 a multiple of 269?
True
Does 15 divide 551062348?
False
Is 74 a factor of 16306797?
False
Is 22 a factor of 171333646?
True
Does 132 divide 498677652?
True
Does 474 divide 10447908?
True
Does 12 divide 351342829?
False
Does 4 divide 466862797?
False
Is 582661 a multiple of 55?
False
Is 1223 a factor of 17156244?
True
Does 7475 divide 364962346?
False
Does 1976 divide 226927792?
True
Is 45867140 a multiple of 23?
False
Is 15710023 a multiple of 2170?
False
Does 391 divide 1025216191?
False
Is 6392802 a multiple of 4?
False
Does 215 divide 22633614?
False
Does 124 divide 209108399?
False
Is 4178918032 a multiple of 16?
True
Is 50157929 a multiple of 3023?
False
Is 2460582124 a multiple of 2002?
True
Is 29617544 a multiple of 4?
True
Does 3732 divide 4394165028?
True
Is 16514847 a multiple of 1245?
False
Does 195 divide 3245013?
False
Does 26 divide 61206757?
False
Is 83 a factor of 54359626?
False
Is 146596083 a multiple of 6?
False
Is 26587446 a multiple of 1354?
False
Is 19882775 a multiple of 275?
True
Is 245489200 a multiple of 10?
True
Is 12 a factor of 168391350?
False
Is 29711940 a multiple of 54?
False
Is 59 a factor of 30893712?
False
Is 428595902 a multiple of 3?
False
Is 84692460 a multiple of 10?
True
Is 519288528 a multiple of 1583?
False
Is 40 a factor of 5471791480?
True
Is 35 a factor of 28983936?
False
Is 43 a factor of 1491178931?
False
Is 30699257 a multiple of 163?
True
Is 39396480 a multiple of 255?
True
Does 3704 divide 282822624?
True
Is 141 a factor of 6708921?
True
Does 1677 divide 140700606?
False
Is 14 a factor of 555036328?
True
Is 23973534 a multiple of 1588?
False
Does 732 divide 77439744?
True
Does 2414 divide 125327638?
True
Does 31 divide 36021411?
True
Does 1126 divide 62275682?
True
Is 20441093 a multiple of 77?
False
Does 12 divide 32808781?
False
Does 232 divide 31689912?
False
Is 56061312 a multiple of 49?
False
Is 31003270 a multiple of 103?
False
Does 16 divide 578276592?
True
Is 16 a factor of 19472412?
False
Does 37 divide 115510929?
True
Is 106158855 a multiple of 11?
True
Is 128965448 a multiple of 124?
False
Is 95 a factor of 57898480?
False
Is 50 a factor of 296540161?
False
Is 29213625 a multiple of 2?
False
Is 6 a factor of 67204739?
False
Is 58 a factor of 104738206?
False
Is 67071631 a multiple of 19?
False
Does 218 divide 19803774?
True
Is 31 a factor of 116514775?
False
Is 914 a factor of 935953738?
False
Is 3893023 a multiple of 10?
False
Is 7 a factor of 925453529?
True
Is 149828544 a multiple of 3736?
True
Is 875 a factor of 916267294?
False
Is 71 a factor of 205467642?
False
Is 417227253 a multiple of 48?
False
Does 20 divide 45539810?
False
Is 287139405 a multiple of 9?
False
Is 393391372 a multiple of 7172?
True
Is 40 a factor of 1078563849?
False
Is 13705595 a multiple of 41?
False
Is 442523214 a multiple of 98?
True
Is 25 a factor of 50167609?
False
Is 17 a factor of 9999128?
True
Is 16059326 even?
True
Is 815847390 a multiple of 405?
True
Is 2727 a factor of 933895786?
False
Is 7 a factor of 1835308246?
False
Is 47685604 a multiple of 75?
False
Is 2321 a factor of 60478297?
True
Does 7297 divide 127478590?
True
Is 37 a factor of 13624769?
True
Is 957435567 a multiple of 2571?
False
Is 7 a factor of 21824540?
False
Does 33 divide 32115633?
True
Is 8 a factor of 97767294?
False
Is 664 a factor of 71800312?
True
Is 41 a factor of 14302809?
True
Is 305915074 a multiple of 9?
False
Is 152380896 a multiple of 33?
False
Is 1837695570 a multiple of 15?
True
Is 3257702945 a multiple of 2521?
False
Is 118567566 a multiple of 2?
True
Is 80248728 a multiple of 8?
True
Is 258 a factor of 2378450450?
False
Is 1943983 a multiple of 9?
False
Does 23 divide 92921492?
False
Is 27091425 a multiple of 25?
True
Does 18 divide 571658766?
False
Is 1097781672 a multiple of 52?
True
Is 11125330 a multiple of 208?
False
Is 3201448832 a multiple of 16?
True
Does 25 divide 22968891?
False
Is 133 a factor of 1387065745?
False
Is 280 a factor of 381527905?
False
Is 33 a factor of 29478823?
False
Is 9 a factor of 10215795?
False
Is 1676 a factor of 3750918168?
True
Does 8864 divide 2172408199?
False
Is 5665140 a multiple of 117?
True
Does 169 divide 105553851?
True
Is 8208368 a multiple of 166?
True
Is 34 a factor of 48208008?
False
Does 13 divide 93408692?
True
Does 697 divide 83128386?
False
Is 671 a factor of 19133365?
False
Is 17 a factor of 36725116?
False
Is 29 a factor of 554714756?
False
Is 4508 a factor of 1498613168?
False
Does 39 divide 20226414?
True
Is 28434924 a multiple of 126?
True
Does 205 divide 750813572?
False
Does 7 divide 65994732?
False
Is 344013 a multiple of 55?
False
Is 4 a factor of 8970676?
True
Is 138307610 a multiple of 606?
False
Is 22714906 a multiple of 8?
False
Does 24 divide 627423696?
True
Does 120 divide 8262000?
True
Is 1436 a factor of 27282464?
False
Is 45 a factor of 154273662?
False
Is 6478895448 a multiple of 9?
True
Does 5079 divide 2440137378?
False
Is 436108901 a multiple of 5370?
False
Is 4141260 a multiple of 15?
True
Does 6 divide 175113273?
False
Does 2 divide 2611516?
True
Is 2 a factor of 990616559?
False
Is 394 a factor of 1091809215?
False
Is 946 a factor of 382785656?
True
Does 29 divide 3128189?
False
Is 219 a factor of 432050865?
True
Does 43 divide 7426317?
False
Is 166689242 a multiple of 9?
False
Is 2031024 a multiple of 4?
True
Does 5 divide 8592533?
False
Is 35852230 a multiple of 117?
False
Is 176 a factor of 505190811?
False
Does 37 divide 257763217?
False
Is 33829440 a multiple of 320?
True
Is 2239815 a multiple of 2?
False
Is 267 a factor of 135444902?
False
Is 29 a factor of 69088793?
False
Is 6922864 a multi